[INFO] cloning repository https://github.com/SidneyArmitage/market
[INFO] running `Command { std: "git" "-c" "credential.helper=" "-c" "credential.helper=/workspace/cargo-home/bin/git-credential-null" "clone" "--bare" "https://github.com/SidneyArmitage/market" "/workspace/cache/git-repos/https%3A%2F%2Fgithub.com%2FSidneyArmitage%2Fmarket", kill_on_drop: false }`
[INFO] [stderr] Cloning into bare repository '/workspace/cache/git-repos/https%3A%2F%2Fgithub.com%2FSidneyArmitage%2Fmarket'...
[INFO] running `Command { std: "git" "rev-parse" "HEAD", kill_on_drop: false }`
[INFO] [stdout] 609292f2737bbb6c5fd419df424693e950f91d16
[INFO] checking SidneyArmitage/market against master#9610dfe5a9a731ced1ea4923ecbd0c57fe367898 for beta-170-4
[INFO] running `Command { std: "git" "clone" "/workspace/cache/git-repos/https%3A%2F%2Fgithub.com%2FSidneyArmitage%2Fmarket" "/workspace/builds/worker-0-tc1/source", kill_on_drop: false }`
[INFO] [stderr] Cloning into '/workspace/builds/worker-0-tc1/source'...
[INFO] [stderr] done.
[INFO] validating manifest of git repo https://github.com/SidneyArmitage/market on toolchain 9610dfe5a9a731ced1ea4923ecbd0c57fe367898
[INFO] running `Command { std: CARGO_HOME="/workspace/cargo-home" RUSTUP_HOME="/workspace/rustup-home" "/workspace/cargo-home/bin/cargo" "+9610dfe5a9a731ced1ea4923ecbd0c57fe367898" "metadata" "--manifest-path" "Cargo.toml" "--no-deps", kill_on_drop: false }`
[INFO] started tweaking git repo https://github.com/SidneyArmitage/market
[INFO] finished tweaking git repo https://github.com/SidneyArmitage/market
[INFO] tweaked toml for git repo https://github.com/SidneyArmitage/market written to /workspace/builds/worker-0-tc1/source/Cargo.toml
[INFO] crate git repo https://github.com/SidneyArmitage/market already has a lockfile, it will not be regenerated
[INFO] running `Command { std: CARGO_HOME="/workspace/cargo-home" RUSTUP_HOME="/workspace/rustup-home" "/workspace/cargo-home/bin/cargo" "+9610dfe5a9a731ced1ea4923ecbd0c57fe367898" "fetch" "--manifest-path" "Cargo.toml", kill_on_drop: false }`
[INFO] running `Command { std: "docker" "create" "-v" "/var/lib/crater-agent-workspace/builds/worker-0-tc1/target:/opt/rustwide/target:rw,Z" "-v" "/var/lib/crater-agent-workspace/builds/worker-0-tc1/source:/opt/rustwide/workdir:ro,Z" "-v" "/var/lib/crater-agent-workspace/cargo-home:/opt/rustwide/cargo-home:ro,Z" "-v" "/var/lib/crater-agent-workspace/rustup-home:/opt/rustwide/rustup-home:ro,Z" "-e" "SOURCE_DIR=/opt/rustwide/workdir" "-e" "CARGO_TARGET_DIR=/opt/rustwide/target" "-e" "CARGO_HOME=/opt/rustwide/cargo-home" "-e" "RUSTUP_HOME=/opt/rustwide/rustup-home" "-w" "/opt/rustwide/workdir" "-m" "1610612736" "--user" "0:0" "--network" "none" "ghcr.io/rust-lang/crates-build-env/linux@sha256:19e73879b68f455e41552ea35293514db52ea292d993f571636dbffedb77a1ee" "/opt/rustwide/cargo-home/bin/cargo" "+9610dfe5a9a731ced1ea4923ecbd0c57fe367898" "metadata" "--no-deps" "--format-version=1", kill_on_drop: false }`
[INFO] [stdout] 631dede1c416b925576b0c7d01a7235bebae282b35367a960f74db7cdaa9463a
[INFO] running `Command { std: "docker" "start" "-a" "631dede1c416b925576b0c7d01a7235bebae282b35367a960f74db7cdaa9463a", kill_on_drop: false }`
[INFO] running `Command { std: "docker" "inspect" "631dede1c416b925576b0c7d01a7235bebae282b35367a960f74db7cdaa9463a", kill_on_drop: false }`
[INFO] running `Command { std: "docker" "rm" "-f" "631dede1c416b925576b0c7d01a7235bebae282b35367a960f74db7cdaa9463a", kill_on_drop: false }`
[INFO] [stdout] 631dede1c416b925576b0c7d01a7235bebae282b35367a960f74db7cdaa9463a
[INFO] running `Command { std: "docker" "create" "-v" "/var/lib/crater-agent-workspace/builds/worker-0-tc1/target:/opt/rustwide/target:rw,Z" "-v" "/var/lib/crater-agent-workspace/builds/worker-0-tc1/source:/opt/rustwide/workdir:ro,Z" "-v" "/var/lib/crater-agent-workspace/cargo-home:/opt/rustwide/cargo-home:ro,Z" "-v" "/var/lib/crater-agent-workspace/rustup-home:/opt/rustwide/rustup-home:ro,Z" "-e" "SOURCE_DIR=/opt/rustwide/workdir" "-e" "CARGO_TARGET_DIR=/opt/rustwide/target" "-e" "CARGO_INCREMENTAL=0" "-e" "RUST_BACKTRACE=full" "-e" "RUSTFLAGS=--cap-lints=forbid" "-e" "RUSTDOCFLAGS=--cap-lints=forbid" "-e" "CARGO_HOME=/opt/rustwide/cargo-home" "-e" "RUSTUP_HOME=/opt/rustwide/rustup-home" "-w" "/opt/rustwide/workdir" "-m" "1610612736" "--user" "0:0" "--network" "none" "ghcr.io/rust-lang/crates-build-env/linux@sha256:19e73879b68f455e41552ea35293514db52ea292d993f571636dbffedb77a1ee" "/opt/rustwide/cargo-home/bin/cargo" "+9610dfe5a9a731ced1ea4923ecbd0c57fe367898" "check" "--frozen" "--all" "--all-targets" "--message-format=json", kill_on_drop: false }`
[INFO] [stdout] c5bde1412b06a37fd8003b5cbc0bcdf0e1c95585dccce9b47c5c2bcff699f7c7
[INFO] running `Command { std: "docker" "start" "-a" "c5bde1412b06a37fd8003b5cbc0bcdf0e1c95585dccce9b47c5c2bcff699f7c7", kill_on_drop: false }`
[INFO] [stderr]    Compiling libc v0.2.68
[INFO] [stderr]    Compiling proc-macro2 v1.0.9
[INFO] [stderr]    Compiling memchr v2.3.3
[INFO] [stderr]    Compiling syn v1.0.16
[INFO] [stderr]    Compiling num-traits v0.2.11
[INFO] [stderr]    Compiling num-integer v0.1.42
[INFO] [stderr]     Checking ucd-util v0.1.8
[INFO] [stderr]    Compiling regex v0.2.11
[INFO] [stderr]     Checking thread_local v0.3.6
[INFO] [stderr]     Checking regex-syntax v0.5.6
[INFO] [stderr]     Checking utf8-ranges v1.0.4
[INFO] [stderr]     Checking aho-corasick v0.6.10
[INFO] [stderr]    Compiling quote v1.0.3
[INFO] [stderr]     Checking getrandom v0.1.14
[INFO] [stderr]     Checking time v0.1.42
[INFO] [stderr]     Checking rand_core v0.5.1
[INFO] [stderr]     Checking rand_chacha v0.2.2
[INFO] [stderr]     Checking rand v0.7.3
[INFO] [stderr]     Checking chrono v0.4.11
[INFO] [stderr]     Checking dotenv v0.9.0
[INFO] [stderr]    Compiling diesel_derives v1.4.1
[INFO] [stderr]     Checking diesel v1.4.4
[INFO] [stderr]     Checking market v0.1.0 (/opt/rustwide/workdir)
[INFO] [stdout] error[E0423]: expected value, found module `section::root`
[INFO] [stdout]   --> src/state/load.rs:54:15
[INFO] [stdout]    |
[INFO] [stdout] 54 |   ], 0, &obj, section::root);
[INFO] [stdout]    |               ^^^^^^^^^^^^^ not a value
[INFO] [stdout] 
[INFO] [stdout] 
[INFO] [stdout] error[E0308]: arguments to this function are incorrect
[INFO] [stdout]   --> src/state/load.rs:51:3
[INFO] [stdout]    |
[INFO] [stdout] 51 |   read([
[INFO] [stdout]    |   ^^^^
[INFO] [stdout] ...
[INFO] [stdout] 54 |   ], 0, &obj, section::root);
[INFO] [stdout]    |         ---- types differ in mutability
[INFO] [stdout]    |
[INFO] [stdout] note: expected `&mut Vec<String>`, found `[&str; 2]`
[INFO] [stdout]   --> src/state/load.rs:51:8
[INFO] [stdout]    |
[INFO] [stdout] 51 |     read([
[INFO] [stdout]    |  ________^
[INFO] [stdout] 52 | |     "session:",
[INFO] [stdout] 53 | |     "  date: 1"
[INFO] [stdout] 54 | |   ], 0, &obj, section::root);
[INFO] [stdout]    | |___^
[INFO] [stdout]    = note: expected mutable reference `&mut Vec<String>`
[INFO] [stdout]                           found array `[&str; 2]`
[INFO] [stdout]    = note: expected mutable reference `&mut Root`
[INFO] [stdout]                       found reference `&Root`
[INFO] [stdout] note: function defined here
[INFO] [stdout]   --> src/state/load.rs:37:4
[INFO] [stdout]    |
[INFO] [stdout] 37 | fn read (lines: &mut Vec<String>, spaces: usize, object: &mut section::Root, handlers: section::Loop) {
[INFO] [stdout]    |    ^^^^  -----------------------  -------------  --------------------------  -----------------------
[INFO] [stdout] 
[INFO] [stdout] 
[INFO] [stdout] error[E0609]: no field `save` on type `Root`
[INFO] [stdout]   --> src/state/load.rs:55:18
[INFO] [stdout]    |
[INFO] [stdout] 55 |   assert_eq!(obj.save.date, 1)
[INFO] [stdout]    |                  ^^^^ unknown field
[INFO] [stdout]    |
[INFO] [stdout]    = note: available fields are: `session`, `option`
[INFO] [stdout] 
[INFO] [stdout] 
[INFO] [stdout] error: aborting due to 3 previous errors
[INFO] [stdout] 
[INFO] [stdout] 
[INFO] [stdout] Some errors have detailed explanations: E0308, E0423, E0609.
[INFO] [stdout] 
[INFO] [stdout] For more information about an error, try `rustc --explain E0308`.
[INFO] [stdout] 
[INFO] [stderr] error: could not compile `market` (lib test) due to 4 previous errors
[INFO] [stderr] warning: build failed, waiting for other jobs to finish...
[INFO] running `Command { std: "docker" "inspect" "c5bde1412b06a37fd8003b5cbc0bcdf0e1c95585dccce9b47c5c2bcff699f7c7", kill_on_drop: false }`
[INFO] running `Command { std: "docker" "rm" "-f" "c5bde1412b06a37fd8003b5cbc0bcdf0e1c95585dccce9b47c5c2bcff699f7c7", kill_on_drop: false }`
[INFO] [stdout] c5bde1412b06a37fd8003b5cbc0bcdf0e1c95585dccce9b47c5c2bcff699f7c7
